{"id":26,"date":"2026-03-11T15:12:34","date_gmt":"2026-03-11T15:12:34","guid":{"rendered":"http:\/\/le-fil-good.fr\/?page_id=26"},"modified":"2026-04-02T11:37:29","modified_gmt":"2026-04-02T11:37:29","slug":"mini-financiers","status":"publish","type":"page","link":"https:\/\/le-fil-good.fr\/?page_id=26","title":{"rendered":"Mini-financiers"},"content":{"rendered":"\n<div class=\"wp-block-group alignfull has-accent-background-color has-background has-global-padding is-layout-constrained wp-container-core-group-is-layout-669513ed wp-block-group-is-layout-constrained\" style=\"margin-top:0;margin-bottom:0;padding-top:var(--wp--preset--spacing--50);padding-right:var(--wp--preset--spacing--50);padding-bottom:var(--wp--preset--spacing--50);padding-left:var(--wp--preset--spacing--50)\">\n<div class=\"wp-block-columns alignwide is-layout-flex wp-container-core-columns-is-layout-1da03c2a wp-block-columns-is-layout-flex\">\n<div class=\"wp-block-column is-vertically-aligned-stretch is-layout-flow wp-block-column-is-layout-flow\" style=\"flex-basis:50%\">\n<div class=\"wp-block-group is-vertical is-content-justification-stretch is-layout-flex wp-container-core-group-is-layout-444d5ee8 wp-block-group-is-layout-flex\" style=\"min-height:100%\">\n<p class=\"has-heading-font-family has-x-large-font-size\" style=\"line-height:1.2\">Sans gluten, parfaits pour le go\u00fbter ou pour accompagner un caf\u00e9, ces mini-financiers raviront tout le monde et sont une excellente opportunit\u00e9 de passer des blancs d&rsquo;\u0153ufs.<\/p>\n\n\n\n<p>__________________________________________________________________<\/p>\n\n\n\n<p class=\"wp-container-content-0733e5d0\"><strong>Ingr\u00e9dients pour une vingtaine de mini-financiers<\/strong><\/p>\n\n\n\n<p>30 gr de poudre d\u2019amande et 30 gr de poudre noisette (ou 60 gr de poudre d&rsquo;amande)<\/p>\n\n\n\n<p>50 gr de mix farines sans gluten<\/p>\n\n\n\n<p>3 blancs d\u2019\u0153ufs<\/p>\n\n\n\n<p>70 gr de sucre<\/p>\n\n\n\n<p>\u00bd sachet de levure&nbsp;<\/p>\n\n\n\n<p>2 gouttes d\u2019extrait d\u2019amande am\u00e8re&nbsp;(facultatif)<\/p>\n\n\n\n<p>70 gr de beurre fondu <\/p>\n<\/div>\n\n\n\n<p><\/p>\n<\/div>\n\n\n\n<div class=\"wp-block-column is-vertically-aligned-center is-layout-flow wp-block-column-is-layout-flow\" style=\"flex-basis:50%\">\n<figure class=\"wp-block-image size-large is-style-rounded is-style-rounded--1\"><img loading=\"lazy\" decoding=\"async\" width=\"819\" height=\"1024\" src=\"https:\/\/le-fil-good.fr\/wp-content\/uploads\/2026\/04\/Design-sans-titre-9-819x1024.png\" alt=\"\" class=\"wp-image-119\" style=\"aspect-ratio:3\/4;object-fit:cover\" srcset=\"https:\/\/le-fil-good.fr\/wp-content\/uploads\/2026\/04\/Design-sans-titre-9-819x1024.png 819w, https:\/\/le-fil-good.fr\/wp-content\/uploads\/2026\/04\/Design-sans-titre-9-240x300.png 240w, https:\/\/le-fil-good.fr\/wp-content\/uploads\/2026\/04\/Design-sans-titre-9-768x960.png 768w, https:\/\/le-fil-good.fr\/wp-content\/uploads\/2026\/04\/Design-sans-titre-9-1229x1536.png 1229w, https:\/\/le-fil-good.fr\/wp-content\/uploads\/2026\/04\/Design-sans-titre-9-1638x2048.png 1638w, https:\/\/le-fil-good.fr\/wp-content\/uploads\/2026\/04\/Design-sans-titre-9-scaled.png 2048w\" sizes=\"auto, (max-width: 819px) 100vw, 819px\" \/><\/figure>\n<\/div>\n<\/div>\n<\/div>\n\n\n\n<div class=\"wp-block-group alignwide has-global-padding is-layout-constrained wp-block-group-is-layout-constrained\">\n<hr class=\"wp-block-separator has-alpha-channel-opacity\"\/>\n<\/div>\n\n\n\n<div class=\"wp-block-group is-nowrap is-layout-flex wp-container-core-group-is-layout-6c531013 wp-block-group-is-layout-flex\">\n<p><strong>Etapes <\/strong><br><br>Pr\u00e9chauffer le four \u00e0 190\u00b0C<br><br>M\u00e9langer la ou les poudre(s) avec la farine, le sucre et la levure<br><br>Ajouter ensuite le beurre fondu et les gouttes d&rsquo;amande am\u00e8re&nbsp;<br><br>Beurrer le moule \u00e0 financiers<br><br>Une fois le four chaud, placer sur une grille \u00e0 mi-hauteur durant 15 min en surveillant la cuisson<\/p>\n<\/div>\n\n\n\n<div class=\"wp-block-group has-global-padding is-content-justification-right is-layout-constrained wp-container-core-group-is-layout-f1f2ed93 wp-block-group-is-layout-constrained\">\n<pre class=\"wp-block-verse wp-container-content-9cfa9a5a\"><br><br><\/pre>\n<\/div>\n\n\n\n<div class=\"wp-block-group alignfull has-global-padding is-layout-constrained wp-container-core-group-is-layout-23b1a4dc wp-block-group-is-layout-constrained\" style=\"padding-top:var(--wp--preset--spacing--30);padding-right:var(--wp--preset--spacing--30);padding-bottom:var(--wp--preset--spacing--30);padding-left:var(--wp--preset--spacing--30)\"><\/div>\n\n\n\n<div class=\"wp-block-group is-vertical is-layout-flex wp-container-core-group-is-layout-fe9cc265 wp-block-group-is-layout-flex\"><\/div>\n\n\n\n\n\n<p><\/p>\n","protected":false},"excerpt":{"rendered":"<p>Sans gluten, parfaits pour le go\u00fbter ou pour accompagner un caf\u00e9, ces mini-financiers raviront tout le monde et sont une excellente opportunit\u00e9 de passer des blancs d&rsquo;\u0153ufs. __________________________________________________________________ Ingr\u00e9dients pour une vingtaine de mini-financiers 30 gr de poudre d\u2019amande et 30 gr de poudre noisette (ou 60 gr de poudre d&rsquo;amande) 50 gr de mix [&hellip;]<\/p>\n","protected":false},"author":1,"featured_media":0,"parent":12,"menu_order":0,"comment_status":"open","ping_status":"closed","template":"","meta":{"footnotes":""},"class_list":["post-26","page","type-page","status-publish","hentry"],"_links":{"self":[{"href":"https:\/\/le-fil-good.fr\/index.php?rest_route=\/wp\/v2\/pages\/26","targetHints":{"allow":["GET"]}}],"collection":[{"href":"https:\/\/le-fil-good.fr\/index.php?rest_route=\/wp\/v2\/pages"}],"about":[{"href":"https:\/\/le-fil-good.fr\/index.php?rest_route=\/wp\/v2\/types\/page"}],"author":[{"embeddable":true,"href":"https:\/\/le-fil-good.fr\/index.php?rest_route=\/wp\/v2\/users\/1"}],"replies":[{"embeddable":true,"href":"https:\/\/le-fil-good.fr\/index.php?rest_route=%2Fwp%2Fv2%2Fcomments&post=26"}],"version-history":[{"count":4,"href":"https:\/\/le-fil-good.fr\/index.php?rest_route=\/wp\/v2\/pages\/26\/revisions"}],"predecessor-version":[{"id":120,"href":"https:\/\/le-fil-good.fr\/index.php?rest_route=\/wp\/v2\/pages\/26\/revisions\/120"}],"up":[{"embeddable":true,"href":"https:\/\/le-fil-good.fr\/index.php?rest_route=\/wp\/v2\/pages\/12"}],"wp:attachment":[{"href":"https:\/\/le-fil-good.fr\/index.php?rest_route=%2Fwp%2Fv2%2Fmedia&parent=26"}],"curies":[{"name":"wp","href":"https:\/\/api.w.org\/{rel}","templated":true}]}}